*3 - 4*n**2 - 31*n**3 - 2*n - 4 + 2. Give i(-2).
-6
Let d(r) = r**3 + 7*r**2 + 2*r + 9. Let t be d(-7). Let y(i) = -i**2 - 3*i + 4. Calculate y(t).
-6
Let o(w) = w + 4. Let s(f) = -2 - 4*f - 7 - 8. Let q(v) = -9*o(v) - 2*s(v). Suppose -9*z = -6*z + 12. What is q(z)?
2
Suppose s + s - 8 = 0. Suppose -x + s*x = 0. Let z(p) = p + 2 - 9 + x. Calculate z(5).
-2
Let i(h) be the first derivative of -h**2/2 - 17*h + 9. Calculate i(0).
-17
Let u(z) = -6 + 0 + z**3 + z + 4*z**2 - 5*z**2. Let i be u(0). Let t(m) be the second derivative of m**3/3 + 4*m**2 - 2*m. Calculate t(i).
-4
Let j(p) be the third derivative of -p**5/60 + p**3/6 + 13*p**2. Determine j(0).
1
Let i(b) = b**3 - 7*b**2 + 7*b - 9. Suppose -7*v + 2*u + 22 = -3*v, -4*u = -3*v + 14. What is i(v)?
-3
Let x(w) be the third derivative of -w**4/24 + 30*w**2. Calculate x(-2).
2
Let i(o) = o**3 + 4*o**2 + 5*o + 4. Let u(p) = p**2 - p - 1. Suppose -3*l + 9 = 4*y, -2*y = -5*l - 0*y - 11. Let f(r) = l*u(r) - i(r). Determine f(-4).
-3
Let i(y) be the third derivative of y**4/24 - y**3/2 - 6*y**2. Determine i(7).
4
Let i(d) = -4*d + d**2 + 5*d - 7 + 5*d. Determine i(-7).
0
Let x(g) = -5*g - 20. Let o be x(-3). Let s(q) = -q**2 - 5*q + 4. Calculate s(o).
4
Let c(p) = p**2 + p. Let n(w) = -3*w**2 - 10*w + 6. Let h(v) = -4*c(v) - n(v). What is h(5)?
-1
Let s(b) be the second derivative of -b**3/2 - b**2 + 16*b. Calculate s(-3).
7
Let j(d) = -d**3 + d - 1. Let i be j(2). Let c = -12 - i. Let k(t) = -t**3 - 4*t**2 + 5*t + 5. Give k(c).
5
Let c(r) = -r**3 + 5*r**2 + 6*r + 4. Let f(y) = -3*y - 18. Let o be f(-8). Calculate c(o).
4
Suppose 3*u - u - 10 = 0. Suppose -2*n + 4*n = 0. Suppose g = u*l - g - 20, n = -4*l + 4*g + 16. Let i(v) = -v - 1. What is i(l)?
-5
Suppose -8 = -3*f - 4*m, 5*m + 7 + 2 = f. Let a(w) = -w + 1. Give a(f).
-3
Let c be (1 + 2 - 1)*1. Let g(z) = -2 - 2 + 4*z**c - 2*z + 2. Determine g(2).
10
Let p(r) = -r**3 + r. Let k = 0 + 0. Let g be (k/(2/(-1)))/2. Let i = g - 0. What is p(i)?
0
Let x be 1*6 - (-2 + 5). Let w(u) = 2*u**2 - 3 + 1 - u**2 + x*u - 3. Calculate w(-4).
-1
Let n(d) be the third derivative of -d**4/24 + 11*d**3/6 + 3*d**2. Let p be n(5). Let b(t) = t - 10. What is b(p)?
-4
Let o(l) = 2 - 2 + 8*l. Let s = -8 - -9. Suppose -f - 2*z - s = 0, -f + 1 = -4*f - 4*z. Calculate o(f).
8
Let k(m) = -4*m + 2. Let p(v) = -8*v + 3. Let c(f) = -5*k(f) + 3*p(f). What is c(1)?
-5
Suppose -6 = 3*l - 3*g, 8 = -3*l - 2*g + 6*g. Suppose -4 = -4*h - l*h. Let m(f) be the third derivative of -f**6/20 + f**5/60 - f**4/24 - 4*f**2. Give m(h).
-6
Suppose 0 = -2*h - 5*q + 13, h - 22 - 17 = 4*q. Let o be (-4)/12 - h/(-3). Let t(l) = -l**2 + 4*l + 8. Calculate t(o).
-4
Let z(p) be the third derivative of p**6/120 - p**5/10 + p**4/6 - p**3 - p**2. What is z(4)?
-22
Let w(t) be the second derivative of -t**5/20 + t**4/2 + t**2/2 - 6*t. What is w(6)?
1
Suppose -5*y = 4*q + q + 30, 0 = -q + 3*y + 14. Let p(s) = -1 - s**2 - 2*s + 0 - 2*s**3 + 0*s**2 - 6*s**3. Give p(q).
8
Suppose 2*k - 2 = 2. Let g(q) = 0 + 2 + q**2 - 3*q + 2*q**2. Give g(k).
8
Let t(m) = -2*m - 2 + 3 + 3 - m**2. Suppose -3*h = 2*h - 55. Suppose -d - 4*c - 1 = -2, -2*c + h = -3*d. Give t(d).
1
Let d(j) = 18*j - 6*j - 10*j + 2 - j**2. Let w(i) be the second derivative of i**5/20 + i**4/2 - i**3 + 5*i**2 + i. Let z be w(-7). Determine d(z).
-1
Let p(q) = 11*q - 6*q + 2*q**2 - 6*q + 2*q**2. Give p(-1).
5
Let p(v) = v**2 + 6*v - 2. Let z(b) = -b - 8. Let q be z(-3). Determine p(q).
-7
Suppose -4*b + 7*b = l + 13, -5*b + 15 = 5*l. Let o(q) = -q + 7. What is o(b)?
3
Let q(x) = 1 + 0*x**3 + 4 + 7*x**2 + 6*x + x**3. Let b(s) = s**2 + 8*s + 11. Let o be b(-7). Suppose 7 - 41 = o*l - 5*j, -4*l = 2*j + 20. Calculate q(l).
5
Suppose 4*n = -n - 25. Let l(i) = -i**2 - 6*i - 5. Let c(g) = -g**2 - 6*g - 5. Let t(m) = 5*c(m) - 4*l(m). Give t(n).
0
Suppose 2*a + 3*z = 20, 1 = 4*a - 3*z - 3. Let c(m) = 0*m - m - a + 0. Let h = 6 - 11. Determine c(h).
1
Let t(q) = q**2 + 2*q. Suppose 2 - 16 = 2*m - 4*f, 9 = -m + 3*f. Calculate t(m).
3
Let o(p) = -17 + 8 - p**2 + 5 + 7. Let i = -9 - -6. Determine o(i).
-6
Suppose -t + 2 = -2*b + 8, -3*b = 3*t. Suppose -b*x = -3 - 1. Let p(n) = 8*n - 16. Let i(y) = -5*y + 11. Let j(r) = -7*i(r) - 5*p(r). Give j(x).
-7
Let t = 14 - 13. Let v(p) = -t + p**2 - 4 + 1 + 0*p**2. Calculate v(-3).
5
Let u(j) = -7*j + 5. Let s be (35/14 + -7)/((-2)/(-4)). Let l(t) be the first derivative of -3*t**2/2 + 2*t - 1. Let a(f) = s*l(f) + 4*u(f). Give a(6).
-4
Let g be (-1)/(-1) - 1/(-1). Suppose -2 = -g*s + 2. Let k(a) = -1 - 2*a**2 + a + 3*a**2 - 2*a**2. Determine k(s).
-3
Let x(o) be the second derivative of o**5/10 - o**4/6 - o**3/6 - o. Determine x(-1).
-3
Let n(x) = -x**3 + 2*x**2 - 4*x + 2. Suppose -2*f = -7 - 7. Suppose f = 5*r - 3. Determine n(r).
-6
Let l(w) = -w**2 + 0 + w + 2 - 1. Let q(z) = 5 + 3*z + 0 - z - 5*z**2 + 5*z. Let r(y) = 6*l(y) - q(y). Calculate r(2).
-5
Let k = 4 + -4. Suppose 2 + k = -2*m. Let g(a) be the third derivative of -7*a**4/24 - a**3/6 + a**2. Determine g(m).
6
Let v(w) = 2*w**2 - 6*w - 4. Let k = 7 - 12. Let o(z) = -2*z**2 + 6*z + 5. Let m(n) = k*v(n) - 4*o(n). Let c be (-1)/(-4) + 60/16. Give m(c).
-8
Let k(t) = -t**3 + 5*t**2 + t - 5. Suppose -5*v + 22*v - 85 = 0. What is k(v)?
0
Let i(h) = 2*h - 21. Let k(c) = c - 10. Let r be ((-4)/(-12))/((-3)/45). Let f(w) = r*k(w) + 2*i(w). Give f(-6).
14
Suppose b = -b + 4. Let k(s) = s**b + 3*s**2 - 3*s**2 + 4 + 1 + 3*s. Give k(-4).
9
Let y(d) be the second derivative of d**5/20 - 7*d**4/12 - 5*d**3/3 + d**2/2 - 9*d. Calculate y(8).
-15
Let n be -1 - (4 - -1 - -1). Let q = n - -3. Let f(i) be the second derivative of i**3/6 - i**2 - i. Calculate f(q).
-6
Let c(b) = b**3 - 4*b**2 - b + 2. Let f(i) = -i - 14. Let s be f(-16). Calculate c(s).
-8
Let q(z) = z**3 - 6*z**2 + 5*z - 1. Suppose -31 = -2*l - 21. Give q(l).
-1
Suppose 5*c - c = 0. Let b(o) = 0 - o**3 + c*o + 5*o**2 - 4 + o - 3. Calculate b(5).
-2
Let i(a) = -a - 4. Let f(v) = 4*v + 16. Let j(k) = -2*f(k) - 9*i(k). Determine j(-5).
-1
Let a(b) be the third derivative of b**5/60 - b**4/24 + b**2. Give a(-2).
6
Let t(o) = -4*o + 0*o - 6 + o + o**3 + 6*o**2. Let n(c) = c**3 + 2*c**2 + 3*c. Let g be n(-2). Determine t(g).
12
Let j(d) = -d**3 - d + 3. Suppose 0*h - 3*h + 9 = 0. Suppose h*f = 2*f. Let q be 3 - (f - -1) - 2. Give j(q).
3
Let c(r) be the third derivative of -r**6/360 + r**5/120 + 5*r**4/24 - r**3/3 - 2*r**2. Let p(v) be the first derivative of c(v). Let j = 2 - -2. What is p(j)?
-7
Let q(d) be the third derivative of d**4/8 - 7*d**3/6 + 4*d**2. Suppose -3*p = -4*p + 5. Calculate q(p).
8
Let n(b) = b**3 - 5*b**2 + 4*b - 1. Suppose -11 = -9*t + 16. Give n(t).
-7
Let u(h) = -h**3 - h**2 + 6. Suppose -3*t = 5*a + 17, -3*a - 11 = -2*t + 3. Let z = t - 1. Determine u(z).
6
Let m(i) = 1 + 7 + 2480*i - 2480*i + i**3. Calculate m(0).
8
Suppose 10*n - 5*n = 0. Let q(z) be the third derivative of -1/24*z**4 - z**3 + n*z + 2*z**2 + 0. Calculate q(-6).
0
Let m(t) = -t**2 - 3*t + 1. Suppose 6 + 3 = 3*z. Let g be z/12 - (-19)/4. Let k = g - 7. Calculate m(k).
3
Let q(o) = -o. Let l(s) = -4*s - 4. Let t(b) = l(b) - 3*q(b). Determine t(4).
-8
Let c(n) = n**2 - 4*n + 6. Let r(j) = -3*j**2 + 13*j - 19. Let p(a) = -7*c(a) - 2*r(a). Let h = 4 - 1. Give p(h).
-7
Let b(z) = 3*z**2 - 4*z - 8. Let j(o) = -o**2 - o. Let x(n) = -b(n) - 2*j(n). What is x(7)?
1
Let u(b) = -2*b**2. Suppose -a = a - 2. Let c be (1 + 0)/(a + 0). Determine u(c).
-2
Let r(y) be the first derivative of -y**3/3 + 7*y**2/2 - 7*y + 1. Calculate r(5).
3
Let j(a) = -1 - 3*a + 0*a - 1. Let x(w) = -4*w - 1. Let d be (2/(-6))/((-3)/27). Let h(g) = d*j(g) - 2*x(g). Determine h(3).
-7
Let n(b) = 3*b + 4. Let u be n(-3). Let s(y) be the first derivative of y**2/2 + 8*y - 6. Let j(c) = 1. Let p(d) = 5*j(d) - s(d). What is p(u)?
2
Let x(h) = -h**3 - 6*h**2 - 3*h + 3. Suppose 77*w - 15 = 80*w. Determine x(w).
-7
Let n(h) = 5*h - 2. Let p(v) = 3*v - 1. Let a(m) = m**3 + 9*m**2 + 8*m - 4. Let t be a(-8). Let l(y) = t*n(y) + 7*p(y). Give l(3).
4
Suppose -2*a = 3*o - 4, 2*a = o - 2*o + 4. Let g(z) = -z + 2. Calculate g(a).
0
Let v(p) = -3 + 2*p**2 - 7*p**3 + 3 - p. Let o(z) = -z**2 + z + 1. Let b be o(0). Give v(b).
-6
Suppose -5*g + 44 + 81 = 5*j, -4*j + 12 = 0. Sup